{"id":36,"date":"2013-10-14T14:31:04","date_gmt":"2013-10-14T14:31:04","guid":{"rendered":"http:\/\/www.canzu.cl\/demo\/?page_id=36"},"modified":"2013-10-14T15:59:27","modified_gmt":"2013-10-14T15:59:27","slug":"mision","status":"publish","type":"page","link":"https:\/\/milenio.uct.cl\/?page_id=36","title":{"rendered":"Misi\u00f3n"},"content":{"rendered":"<div style=\"text-align: justify;\">\n\u201cAl a\u00f1o 2010 la Universidad Cat\u00f3lica de Temuco, en el \u00e1mbito de la educaci\u00f3n superior, ser\u00e1 un actor principal del desarrollo de La Araucan\u00eda. Reconocida nacionalmente como una instituci\u00f3n comprometida con la formaci\u00f3n de personas, generando conocimiento y una presencia cultural que aportan a la soluci\u00f3n de los problemas regionales, en un contexto global, desde una concepci\u00f3n cristiana de la responsabilidad social y del desarrollo humano sustentable\u201d.\n<\/div>\n","protected":false},"excerpt":{"rendered":"<p>\u201cAl a\u00f1o 2010 la Universidad Cat\u00f3lica de Temuco, en el \u00e1mbito de la educaci\u00f3n superior, ser\u00e1 un actor principal del desarrollo de La Araucan\u00eda. Reconocida nacionalmente como una instituci\u00f3n comprometida con la formaci\u00f3n de personas, generando conocimiento y una presencia cultural que aportan a la soluci\u00f3n de los problemas regionales, en un contexto global, desde [&hellip;]<\/p>\n","protected":false},"author":1,"featured_media":0,"parent":0,"menu_order":0,"comment_status":"closed","ping_status":"closed","template":"","meta":{"footnotes":""},"class_list":["post-36","page","type-page","status-publish","hentry"],"_links":{"self":[{"href":"https:\/\/milenio.uct.cl\/index.php?rest_route=\/wp\/v2\/pages\/36"}],"collection":[{"href":"https:\/\/milenio.uct.cl\/index.php?rest_route=\/wp\/v2\/pages"}],"about":[{"href":"https:\/\/milenio.uct.cl\/index.php?rest_route=\/wp\/v2\/types\/page"}],"author":[{"embeddable":true,"href":"https:\/\/milenio.uct.cl\/index.php?rest_route=\/wp\/v2\/users\/1"}],"replies":[{"embeddable":true,"href":"https:\/\/milenio.uct.cl\/index.php?rest_route=%2Fwp%2Fv2%2Fcomments&post=36"}],"version-history":[{"count":1,"href":"https:\/\/milenio.uct.cl\/index.php?rest_route=\/wp\/v2\/pages\/36\/revisions"}],"predecessor-version":[{"id":37,"href":"https:\/\/milenio.uct.cl\/index.php?rest_route=\/wp\/v2\/pages\/36\/revisions\/37"}],"wp:attachment":[{"href":"https:\/\/milenio.uct.cl\/index.php?rest_route=%2Fwp%2Fv2%2Fmedia&parent=36"}],"curies":[{"name":"wp","href":"https:\/\/api.w.org\/{rel}","templated":true}]}}

Misión

<div style="text-align: justify;">
“Al año 2010 la Universidad Católica de Temuco, en el ámbito de la educación superior, será un actor principal del desarrollo de La Araucanía. Reconocida nacionalmente como una institución comprometida con la formación de personas, generando conocimiento y una presencia cultural que aportan a la solución de los problemas regionales, en un contexto global, desde una concepción cristiana de la responsabilidad social y del desarrollo humano sustentable”.
</div>

<p>“Al año 2010 la Universidad Católica de Temuco, en el ámbito de la educación superior, será un actor principal del desarrollo de La Araucanía. Reconocida nacionalmente como una institución comprometida con la formación de personas, generando conocimiento y una presencia cultural que aportan a la solución de los problemas regionales, en un contexto global, desde [&hellip;]</p>
