{"id":38,"date":"2013-10-14T14:31:58","date_gmt":"2013-10-14T14:31:58","guid":{"rendered":"http:\/\/www.canzu.cl\/demo\/?page_id=38"},"modified":"2013-10-14T16:00:07","modified_gmt":"2013-10-14T16:00:07","slug":"vision","status":"publish","type":"page","link":"https:\/\/milenio.uct.cl\/?page_id=38","title":{"rendered":"Visi\u00f3n"},"content":{"rendered":"<div style=\"text-align: justify;\">\nLa Universidad Cat\u00f3lica de Temuco est\u00e1 al servicio del desarrollo integral de las personas y del pa\u00eds, de la macro regi\u00f3n sur y de la regi\u00f3n de La Araucan\u00eda, en tal sentido:<\/p>\n<p>1.- Busca libremente la verdad para descubrir la aut\u00e9ntica realidad humana y social, contribuyendo al di\u00e1logo entre las ciencias, la t\u00e9cnica, la cultura y la fe.<\/p>\n<p>2.- Contribuye a la formaci\u00f3n y desarrollo de personas socialmente responsables, visionarias, emprendedoras y democr\u00e1ticas, en el campo de las artes, humanidades, ciencias y t\u00e9cnicas, capaces de insertarse eficaz y cr\u00edticamente en el mundo globalizado del trabajo.<\/p>\n<p>3.- Crea y adapta conocimientos de alto impacto, aplicados a problem\u00e1ticas regionales, replicables a nivel nacional y que contribuyen al desarrollo humano sustentable.<\/p>\n<p>4.- Dialoga creativamente con su entorno cultural, promueve y facilita el di\u00e1logo inter\u00e9tnico, intercultural y ecum\u00e9nico. Asume las l\u00edneas de acci\u00f3n, los criterios evangelizadores y las prioridades pastorales de la Iglesia diocesana.<\/p>\n<\/div>\n","protected":false},"excerpt":{"rendered":"<p>La Universidad Cat\u00f3lica de Temuco est\u00e1 al servicio del desarrollo integral de las personas y del pa\u00eds, de la macro regi\u00f3n sur y de la regi\u00f3n de La Araucan\u00eda, en tal sentido: 1.- Busca libremente la verdad para descubrir la aut\u00e9ntica realidad humana y social, contribuyendo al di\u00e1logo entre las ciencias, la t\u00e9cnica, la cultura [&hellip;]<\/p>\n","protected":false},"author":1,"featured_media":0,"parent":0,"menu_order":0,"comment_status":"closed","ping_status":"closed","template":"","meta":{"footnotes":""},"class_list":["post-38","page","type-page","status-publish","hentry"],"_links":{"self":[{"href":"https:\/\/milenio.uct.cl\/index.php?rest_route=\/wp\/v2\/pages\/38"}],"collection":[{"href":"https:\/\/milenio.uct.cl\/index.php?rest_route=\/wp\/v2\/pages"}],"about":[{"href":"https:\/\/milenio.uct.cl\/index.php?rest_route=\/wp\/v2\/types\/page"}],"author":[{"embeddable":true,"href":"https:\/\/milenio.uct.cl\/index.php?rest_route=\/wp\/v2\/users\/1"}],"replies":[{"embeddable":true,"href":"https:\/\/milenio.uct.cl\/index.php?rest_route=%2Fwp%2Fv2%2Fcomments&post=38"}],"version-history":[{"count":1,"href":"https:\/\/milenio.uct.cl\/index.php?rest_route=\/wp\/v2\/pages\/38\/revisions"}],"predecessor-version":[{"id":39,"href":"https:\/\/milenio.uct.cl\/index.php?rest_route=\/wp\/v2\/pages\/38\/revisions\/39"}],"wp:attachment":[{"href":"https:\/\/milenio.uct.cl\/index.php?rest_route=%2Fwp%2Fv2%2Fmedia&parent=38"}],"curies":[{"name":"wp","href":"https:\/\/api.w.org\/{rel}","templated":true}]}}

Visión

<div style="text-align: justify;">
La Universidad Católica de Temuco está al servicio del desarrollo integral de las personas y del país, de la macro región sur y de la región de La Araucanía, en tal sentido:</p>
<p>1.- Busca libremente la verdad para descubrir la auténtica realidad humana y social, contribuyendo al diálogo entre las ciencias, la técnica, la cultura y la fe.</p>
<p>2.- Contribuye a la formación y desarrollo de personas socialmente responsables, visionarias, emprendedoras y democráticas, en el campo de las artes, humanidades, ciencias y técnicas, capaces de insertarse eficaz y críticamente en el mundo globalizado del trabajo.</p>
<p>3.- Crea y adapta conocimientos de alto impacto, aplicados a problemáticas regionales, replicables a nivel nacional y que contribuyen al desarrollo humano sustentable.</p>
<p>4.- Dialoga creativamente con su entorno cultural, promueve y facilita el diálogo interétnico, intercultural y ecuménico. Asume las líneas de acción, los criterios evangelizadores y las prioridades pastorales de la Iglesia diocesana.</p>
</div>

<p>La Universidad Católica de Temuco está al servicio del desarrollo integral de las personas y del país, de la macro región sur y de la región de La Araucanía, en tal sentido: 1.- Busca libremente la verdad para descubrir la auténtica realidad humana y social, contribuyendo al diálogo entre las ciencias, la técnica, la cultura [&hellip;]</p>
