{"id":40,"date":"2013-10-14T14:32:53","date_gmt":"2013-10-14T14:32:53","guid":{"rendered":"http:\/\/www.canzu.cl\/demo\/?page_id=40"},"modified":"2013-10-14T18:21:04","modified_gmt":"2013-10-14T18:21:04","slug":"lineas-de-investigacion","status":"publish","type":"page","link":"https:\/\/milenio.uct.cl\/?page_id=40","title":{"rendered":"L\u00edneas de Investigaci\u00f3n"},"content":{"rendered":"<div style=\"text-align: justify;\">\n<p><strong>L\u00ednea 1 : Educaci\u00f3n ind\u00edgena e intercultural.<\/strong><\/p>\n<p>Objetivo: Crear un centro de investigaci\u00f3n avanzada en educaci\u00f3n y formaci\u00f3n de recursos humanos para estudiar y comprender el desarrollo de la escolarizaci\u00f3n en con-texto ind\u00edgena e intercultural, considerando saberes ind\u00edgenas como los conocimientos ligados a la territorialidad (Pehuenche, Lafquenche, etc.), a la educaci\u00f3n mapuche (aspectos actitudinales), el discurso pedag\u00f3gico de la escuela y la incorporaci\u00f3n de TICs como recurso pedag\u00f3gico para fortalecer el desarrollo de una educaci\u00f3n intercultural<\/p>\n<p><strong>L\u00ednea 2 : Discurso pedag\u00f3gico desde la ling\u00fc\u00edstica.<\/strong><\/p>\n<p>Objetivo: Desarrollar estudios para la implementaci\u00f3n de una educaci\u00f3n para contextos interculturales, complementando el conocimiento escolar y las categor\u00edas de saberes educativos a trav\u00e9s del discurso pedag\u00f3gico de los kimches (sabios), desde la identificaci\u00f3n de territorialidades mapuches.<\/p>\n<p><strong>L\u00ednea 3 : TICs y Educaci\u00f3n en Contexto Intercultural.\u00a0<\/strong><\/p>\n<p>Objetivo: Evaluar el m\u00e9todo educativo a trav\u00e9s del discurso pedag\u00f3gico de la instituci\u00f3n escuela de docentes y directores, sobre la base de fundamentos, valores y categor\u00edas del conocimiento educativo de la cultura occidental chilena, desde el punto de vista territorial de las escuelas b\u00e1sicas de la IX Regi\u00f3n, en especial aquellas asociadas con poblaci\u00f3n mapuche.<\/p>\n<p><strong>L\u00ednea 4 : Geograf\u00eda como territorialidad aplicada a la educaci\u00f3n en contexto ind\u00edgena e intercultural.<\/strong><\/p>\n<p>Objetivo : Desarrollar propuestas para la implementaci\u00f3n de una educaci\u00f3n intercultural en contextos ind\u00edgenas inter-culturales que considere las l\u00f3gicas occidental chilena y la de los saberes ind\u00edgenas mapuche, considerando el conocimiento territorial desde el saber mapuche del territorio e implementando modalidades TICs como herramienta did\u00e1ctica, que considere el saber educativo mapuche, para mejorar la calidad de la educaci\u00f3n.<\/p>\n<\/div>\n","protected":false},"excerpt":{"rendered":"<p>L\u00ednea 1 : Educaci\u00f3n ind\u00edgena e intercultural. Objetivo: Crear un centro de investigaci\u00f3n avanzada en educaci\u00f3n y formaci\u00f3n de recursos humanos para estudiar y comprender el desarrollo de la escolarizaci\u00f3n en con-texto ind\u00edgena e intercultural, considerando saberes ind\u00edgenas como los conocimientos ligados a la territorialidad (Pehuenche, Lafquenche, etc.), a la educaci\u00f3n mapuche (aspectos actitudinales), el [&hellip;]<\/p>\n","protected":false},"author":1,"featured_media":0,"parent":0,"menu_order":0,"comment_status":"closed","ping_status":"closed","template":"","meta":{"footnotes":""},"class_list":["post-40","page","type-page","status-publish","hentry"],"_links":{"self":[{"href":"https:\/\/milenio.uct.cl\/index.php?rest_route=\/wp\/v2\/pages\/40"}],"collection":[{"href":"https:\/\/milenio.uct.cl\/index.php?rest_route=\/wp\/v2\/pages"}],"about":[{"href":"https:\/\/milenio.uct.cl\/index.php?rest_route=\/wp\/v2\/types\/page"}],"author":[{"embeddable":true,"href":"https:\/\/milenio.uct.cl\/index.php?rest_route=\/wp\/v2\/users\/1"}],"replies":[{"embeddable":true,"href":"https:\/\/milenio.uct.cl\/index.php?rest_route=%2Fwp%2Fv2%2Fcomments&post=40"}],"version-history":[{"count":3,"href":"https:\/\/milenio.uct.cl\/index.php?rest_route=\/wp\/v2\/pages\/40\/revisions"}],"predecessor-version":[{"id":82,"href":"https:\/\/milenio.uct.cl\/index.php?rest_route=\/wp\/v2\/pages\/40\/revisions\/82"}],"wp:attachment":[{"href":"https:\/\/milenio.uct.cl\/index.php?rest_route=%2Fwp%2Fv2%2Fmedia&parent=40"}],"curies":[{"name":"wp","href":"https:\/\/api.w.org\/{rel}","templated":true}]}}