{"id":71,"date":"2013-10-14T15:37:26","date_gmt":"2013-10-14T15:37:26","guid":{"rendered":"http:\/\/www.canzu.cl\/demo\/?page_id=71"},"modified":"2013-10-15T20:03:06","modified_gmt":"2013-10-15T20:03:06","slug":"proyeccion-al-medio","status":"publish","type":"page","link":"https:\/\/milenio.uct.cl\/?page_id=71","title":{"rendered":"Proyecci\u00f3n al Medio"},"content":{"rendered":"<div style=\"text-align: justify;\">\n<p>Respecto a las actividades de Proyecci\u00f3n al Medio Externo del Centro de Investigaci\u00f3n en Educaci\u00f3n en Contexto Ind\u00edgena e Intercultural (CIECII) cuyo objetivo es proyectar los avances cient\u00edficos al medio externo, particularmente hacia el sector educacional se propuso el desarrollo de la Divulgaci\u00f3n de los resultados de investigaci\u00f3n sobre educaci\u00f3n, interculturalidad y territorialidad.<\/p>\n<\/div>\n","protected":false},"excerpt":{"rendered":"<p>Respecto a las actividades de Proyecci\u00f3n al Medio Externo del Centro de Investigaci\u00f3n en Educaci\u00f3n en Contexto Ind\u00edgena e Intercultural (CIECII) cuyo objetivo es proyectar los avances cient\u00edficos al medio externo, particularmente hacia el sector educacional se propuso el desarrollo de la Divulgaci\u00f3n de los resultados de investigaci\u00f3n sobre educaci\u00f3n, interculturalidad y territorialidad.<\/p>\n","protected":false},"author":1,"featured_media":0,"parent":0,"menu_order":0,"comment_status":"closed","ping_status":"closed","template":"","meta":{"footnotes":""},"class_list":["post-71","page","type-page","status-publish","hentry"],"_links":{"self":[{"href":"https:\/\/milenio.uct.cl\/index.php?rest_route=\/wp\/v2\/pages\/71"}],"collection":[{"href":"https:\/\/milenio.uct.cl\/index.php?rest_route=\/wp\/v2\/pages"}],"about":[{"href":"https:\/\/milenio.uct.cl\/index.php?rest_route=\/wp\/v2\/types\/page"}],"author":[{"embeddable":true,"href":"https:\/\/milenio.uct.cl\/index.php?rest_route=\/wp\/v2\/users\/1"}],"replies":[{"embeddable":true,"href":"https:\/\/milenio.uct.cl\/index.php?rest_route=%2Fwp%2Fv2%2Fcomments&post=71"}],"version-history":[{"count":1,"href":"https:\/\/milenio.uct.cl\/index.php?rest_route=\/wp\/v2\/pages\/71\/revisions"}],"predecessor-version":[{"id":72,"href":"https:\/\/milenio.uct.cl\/index.php?rest_route=\/wp\/v2\/pages\/71\/revisions\/72"}],"wp:attachment":[{"href":"https:\/\/milenio.uct.cl\/index.php?rest_route=%2Fwp%2Fv2%2Fmedia&parent=71"}],"curies":[{"name":"wp","href":"https:\/\/api.w.org\/{rel}","templated":true}]}}